irst derivative of -y**5/10 + y**4/24 + y**3/6 + y**2/2 + 3. Let j(r) be the second derivative of b(r). Calculate j(-1).
-6
Let a(h) = -2*h - 10 - 7 + 0*h + 16. Let f be 7/3 - 2/6. Suppose -f*q = q + 9. Calculate a(q).
5
Let f(g) = -g**2 - 6*g. Let p(n) = -n**2 - 4*n. Let b(x) = -5*f(x) + 8*p(x). Let v(z) = z**2 + 5*z - 8. Let l be v(-6). Calculate b(l).
-8
Let k(p) = 4 - 6*p + 9*p**3 - 3*p**2 + 4*p - 8*p**3. Calculate k(3).
-2
Let n(s) = -9*s + 5. Let a(y) = y - 2. Let p(l) = -6*a(l) - 2*n(l). What is p(2)?
26
Let h(s) = -s**2 - 4*s - 1. Suppose 5*k - b - 87 = 0, 3*k + 5*b - 50 = 19. Suppose -u = 2*i - 2*u + 6, 4*i = -u - k. Determine h(i).
-1
Let h(s) = -3*s + 0 + 1 + 2*s + 2*s**2. Suppose 3*r + 8 = 11. Determine h(r).
2
Let t(b) = 5*b - 1. Let x be t(1). Suppose 0 = -x*a - 0*a + 3*g - 39, a - 2*g = -16. Let u(w) = -5 - 36*w + 17*w + 18*w. Give u(a).
1
Let n(o) = -3*o**2 - 12*o + 3. Let d(c) = 8*c**2 + 35*c - 9. Let x(v) = 4*d(v) + 11*n(v). Calculate x(7).
4
Let h(a) = -2*a + 6. Suppose -6 = 4*t - 30. What is h(t)?
-6
Let y(l) = l**3 + 7*l**2 - 9*l - 6. Let t(r) = -r**3 + 8*r**2 - 9*r + 6. Let h be t(7). Calculate y(h).
2
Let w(m) = 6*m**3 - 11*m + 156. Let h(u) = -u**3 + 2*u - 31. Let c(t) = 11*h(t) + 2*w(t). Determine c(0).
-29
Let m(i) be the first derivative of i**3/3 - 7*i**2/2 + 5*i + 14. Calculate m(5).
-5
Let j be ((-18)/(-4))/((-27)/36). Let b be (j - 0) + (-3 - -4). Let s(m) = 2*m + 5. Give s(b).
-5
Let i(b) = 3*b - 3. Let m(t) = -4*t + 4. Let n(s) = -5*i(s) - 4*m(s). Let d = -19 + 21. Calculate n(d).
1
Let g = -9 + 6. Let w be 3 - (2 + (1 - g)). Let f(v) = v**2 + 4*v + 3. Calculate f(w).
0
Let b(w) = w**3 - 3*w**2 + 2*w + 1. Let o = -16 - -18. Determine b(o).
1
Let q(h) = h**3 + 2*h**2 - 2*h - 2. Let w(u) = u - 8. Let z be w(6). Determine q(z).
2
Let j be (-1)/2*(-11 + 9). Let w(a) = 7*a**3 - a**2 + a - 1. Determine w(j).
6
Let f(x) = x - 6*x**3 - 2023 + x**3 + x**2 + 2022. What is f(1)?
-4
Let b(v) = -v**2 - 6*v - 3. Suppose -3*l - r - 15 = l, 2*r = l + 6. Calculate b(l).
5
Let l(o) = 2*o - 1. Suppose 4*p = -5*q + 24, -3*p + 11 = -3*q - 7. Let s = p - 1. Suppose 3*w - r = -3*r + s, 15 = 3*w - 3*r. Determine l(w).
5
Let u be -1 + 0/(-4) + 4. Let h(q) = u*q**2 - 5 + 5 + 3*q + q**3 - 2*q**3 - 3. What is h(3)?
6
Let w(m) = m**2 + 5*m + 4 - 2 + 8*m - 9*m. Determine w(-3).
-1
Let r(a) = a**2 - a. Let j(c) = -4*c - 4. Let x(m) = j(m) + r(m). Give x(6).
2
Suppose -5*u + 16 = -u. Let x(r) = -1 + 0 - r**2 - u*r**2. Let s = -1 - 0. Give x(s).
-6
Let y(z) = -4*z**3 + 2*z**2 - 6*z + 10. Let p(w) = 7*w**3 - 5*w**2 + 12*w - 17. Let r(i) = 3*p(i) + 5*y(i). Let q(f) = f - 3. Let s be q(7). What is r(s)?
7
Let t(s) be the first derivative of -s**2/2 - 10*s + 39. Determine t(-5).
-5
Let j(a) = -a**2 + 5*a + 6. Let h be j(6). Let u = h + 5. Let x(v) = 4*v + 0 + 8 - u*v. Determine x(6).
2
Let k(a) be the first derivative of -a**3/3 + a**2/2 + 4*a - 8. Let d = -5 + 10. Give k(d).
-16
Suppose 2*n + n - 12 = 0. Let d = 1 + 0. Let k(z) = 5 - n*z - 4 + d. What is k(2)?
-6
Let i(m) = -2*m + 0*m - 3 + 3*m. Suppose 5*b + 1 = 1. Give i(b).
-3
Let o(m) be the third derivative of -m**5/60 + m**4/4 - m**3/3 + 2*m**2. What is o(4)?
6
Let r(p) = 1 - 28*p**3 + 27*p**3 + 6*p**2 + 4 + 8*p. Determine r(7).
12
Let k(a) = -a**2 + 6*a + 1. Suppose 0 = 8*o - 5*o - 21. Give k(o).
-6
Suppose 6*b = 3*b + 18. Let g(j) = -j + 2. Determine g(b).
-4
Suppose 2*c + 2*c = 0. Let q(x) = x - 1. Let b(u) be the first derivative of -5*u**2/2 + 2. Let a(y) = -b(y) - 4*q(y). Calculate a(c).
4
Let k = -20 + 36. Suppose 4*d = -v - v - 8, 0 = -2*d + 4*v + k. Let h(x) = x**3 + 1 + 8*x**2 + 8*x**2 - 15*x**2. Calculate h(d).
1
Let i = 9 - 6. Suppose i*y + 10 = 8*y. Let o(d) = 0*d - 6*d + 0*d + 4*d - y. Determine o(2).
-6
Let k(a) be the first derivative of -a**4/12 + a**3/6 + 2*a**2 + 2*a - 1. Let p(g) be the first derivative of k(g). Let z(m) = m. Let u be z(0). Calculate p(u).
4
Let t = 2 - 2. Let y(q) = -q + 10. Determine y(t).
10
Suppose -g = -6 + 3. Suppose -g*w - 10 = -w. Let h(b) = b**2 + 8*b + 5. Give h(w).
-10
Suppose -18 = -19*x + 22*x. Let j(b) = -2*b**2 + 7*b - 1 - 2 + 3*b**2. Determine j(x).
-9
Let u = -6 - -9. Suppose -z = u*z - 104. Suppose -z + 6 = -4*s. Let i(j) = -j**3 + 6*j**2 - 6*j + 7. Calculate i(s).
2
Let i(j) be the third derivative of -j**5/60 - j**4/8 - j**3/2 + j**2. Let l be (8/6)/(4/(-12)). What is i(l)?
-7
Let d(b) = -b. Let s be d(-1). Let q be (-4)/(-1) - (s + -2). Let o(m) = m + 1. Let r(t) = 6*t + 2. Let p(i) = -5*o(i) + r(i). Determine p(q).
2
Suppose v + 2*h = 11, -5*v = -2*h + 1 + 4. Let z = 0 - v. Let q(x) = -x - 1. Calculate q(z).
0
Let p(x) = 6*x**2 + 2 + 2*x**3 - x**3 + 5 + 6*x. Suppose -8 + 58 = -10*a. Calculate p(a).
2
Let s(m) = 4 + 4*m**2 - 1177*m + m**3 + 1177*m. Calculate s(-4).
4
Let t be (-6)/8*4/1. Let o(u) = u**3 - 5*u**2 + 4*u + 4. Let s be o(4). Let q(a) = 2 + 7*a + 1 - s*a. Determine q(t).
-6
Suppose 0 = -x - 0*x + 12. Suppose 0 = -3*d + z + 4, 4*d + z + z - x = 0. Let o(k) = -k - 7 + 4 - 3*k - k**d. Calculate o(-3).
0
Let r(t) = -t + 4. Let h(k) = -2. Let l(w) = -3*h(w) - 2*r(w). Give l(4).
6
Suppose 3*a = 2*a - 15. Let g be (-1)/(3 - (-42)/a). Let n(f) = f**2 + 6*f - 6. Give n(g).
-11
Let w(o) = -o**3 + 8*o**2 - 8*o + 1. Let l be w(7). Let k(x) = 2*x - 6. Calculate k(l).
-18
Let o(w) = w + 4. Suppose -4*q + 2*p = 14, 2*p + p = 5*q + 17. Let i(d) = -d**2 - 4*d + 3. Let j be i(q). Determine o(j).
7
Let f(l) be the third derivative of -l**6/120 - l**5/60 + l**4/6 + l**3/2 + 4*l**2. Give f(-3).
9
Suppose 2*u + 3*i = -19, 2*u = -i - 8 - 5. Let b(f) = f**3 + 6*f**2 + 5*f + 4. Calculate b(u).
4
Let u be 6/(-1)*(-10)/20. Let f(h) = h**3 - 3*h**2 - 4. Calculate f(u).
-4
Let h(v) = -v + 4. Let n(s) = s**2 - 2*s - 9. Let z be n(8). Let f = z - 25. Suppose 5*m = 1 + f. What is h(m)?
1
Suppose -5*i - 12 + 32 = 0, -4*i + 11 = -r. Suppose 3*t = -0*t. Let p(d) = d**2 + 4 - r*d + 2 + t*d. Calculate p(5).
6
Let d(j) = -2*j**3 + j**2 + 5*j**3 - j - 2*j**3 + 4. Let a be (2/6)/1*0. Calculate d(a).
4
Let c(r) = 44*r**2 - 54*r**2 + 5 - 4 + r**3 + 0. Calculate c(10).
1
Suppose 3*v = -4*o - 11, -8*o = -4*v - 3*o + 6. Let b(l) = 5*l**2 - l - 1. What is b(v)?
5
Let k be ((-6)/4 - -1)*-2. Let v = -10 + 12. Let r(t) = -v*t - 6*t**2 - 3*t - 2*t**2 + 4*t. What is r(k)?
-9
Let f = 21/50 + 2/25. Let y(u) be the second derivative of 0 + f*u**3 + 0*u**2 + 3*u. What is y(3)?
9
Let p be 1*(-21)/(-3) - 2. Suppose -8 = -r + p*r. Let b(u) = 3*u - 3*u**2 - u**3 + 1 - 2 + 4. Determine b(r).
-7
Suppose 5*q + 20 = -5*o, 2*o - 5*o = -4*q + 5. Let l(b) = -b - 9. Let z(h) = -2*h - 14. Let p(n) = 8*l(n) - 5*z(n). Determine p(o).
-8
Let i = 57/4 + -14. Let b(a) be the second derivative of 1/20*a**5 - 1/3*a**3 + 0 + 3/2*a**2 + 2*a + i*a**4. Give b(-4).
-5
Suppose -3*z = -2*z - j - 4, -4*z - 3*j + 30 = 0. Suppose a - z = -a. Let d(o) = -5 - o**a + 2*o**2 + 1 + o**2. Give d(3).
-4
Let m(a) = -2*a. Let b(x) = 3*x - 1. Suppose 4*u - 2*o + 16 = 0, 3*u + o - 2 = 2*u. Let w(p) = u*b(p) - 5*m(p). Calculate w(-2).
-6
Let f be (-24)/2*3/(-9). Let l(v) = 6 + 5 - f - 2*v. Calculate l(5).
-3
Let t(s) = s**3 + 2*s**2 - 3*s. Suppose -3*p - 5 = -4*p - u, 17 = 4*p + 3*u. Give t(p).
10
Let w(a) = -1 + 10*a + 3*a**3 + 21 - 11*a - 2*a**3. Determine w(0).
20
Let j(a) = -a**3 + 7*a**2 - 5*a + 9. Let f(o) = -o. Let i(h) = 4*f(h) + j(h). Give i(6).
-9
Let r be 1 + -5 - (5 - 5). Let m = r + 4. Let k(a) = a**2 - 6. Let f(b) = -b**2. Let x(s) = -2*f(s) - k(s). What is x(m)?
6
Let c = -21 + 22. Let t(f) = 7*f**2 + f. Determine t(c).
8
Suppose 0 = 5*c - 10 - 20. Let w(z) = -z + 9. Give w(c).
3
Let k(f) be the third derivative of -f**5/60 - f**4/4 - f**3 + 2*f**2. Let j be k(-4). Let o(c) = -c**j + c**3 + 0*c**3 - 6*c - 3*c**2. Give o(5).
-5
Let q(j) be the first derivative of j**3/3 + j + 1. Suppose 0*b + 5 = -5*b, -3*k + 3*b + 12 = 0. Suppose -o = -k*o. Give q(o).
1
Let w(j) = j**3 - 6*j**2 + 4*j + 2. Suppose 0 = -v - 3*x + 5, -x - 4 + 24 = 4*v. Give w(v).
-3
Let w(k) = k + 2. Suppose -4*h - 8 = -2*v + 6, -15 = 3*v + 3*h. Let z be 1/(3/(v + -14)). Calculate w(z).
-3
Let d(k) be the third derivative of -k**5/60 + k**3 + 13*k**2. What is d(0)?
6
Let d = 19 + -22. Let h(l) = l + 2. Let g(s) be the third derivativ